{"id":1032,"date":"2009-05-20T16:57:11","date_gmt":"2009-05-20T14:57:11","guid":{"rendered":"http:\/\/www.fortuna-plauen.de\/blog\/?page_id=1032"},"modified":"2013-05-04T18:43:26","modified_gmt":"2013-05-04T16:43:26","slug":"anfahrt","status":"publish","type":"page","link":"https:\/\/www.fortuna-plauen.de\/blog\/?page_id=1032","title":{"rendered":"Anfahrt"},"content":{"rendered":"<p>Von der Autobahn A 72 aus:<\/p>\n<p>An der Autobahnabfahrt Plauen Ost fahren Sie in Richtung Plauen . Ca. 400m nach dem Ortseingangsschild gelangen Sie auf die vierspurige Dresdner Stra\u00dfe. Unmittelbar nach der Ampelkreuzung eines Einkaufcenters folgt eine weitere . Hier biegen Sie links ab in die \u00c4u\u00dfere Reichenbacher Stra\u00dfe . \u00dcber die n\u00e4chste Ampel- kreuzung fahren Sie geradeaus weiter. Nach 400 m gelangen Sie an eine Fu\u00dfg\u00e4ngerampel. Unmittelbar da &#8211; nach biegen Sie rechts in das Neubaugebiet ab. Auf der Anton &#8211; Krau\u00df &#8211; Stra\u00dfe fahren Sie bis zu deren Ende geradeaus.Links sehen Sie dann ein Parkhaus auf der Theodor &#8211; Brugsch &#8211; Stra\u00dfe. Dahinter folgt die Einfahrt zur Sportanlage.<\/p>\n<p>Vom Stadtzentrum aus :<\/p>\n<p>Vom Zentrum aus folgen Sie den Hinweisschildern &#8222;Vogtlandklinikum&#8220;. Wenn Sie an der Ampelkreuzung am Klinikum angekommen, sind biegen Sie links in Richtung Autobahn in die \u00c4u\u00dfere Reichenbacher Stra\u00dfe ab. Nach 300 m \u00fcberqueren Sie die Stra\u00dfenbahngleise und fahren dann rechts neben dem Gleisk\u00f6rper . Nach der n\u00e4chsten Stra\u00dfenbahnhaltestelle biegen Sie links in die Theodor &#8211; Brugsch &#8211; Stra\u00dfe ein . Nach 200 m folgt links die Einfahrt zur Sportanlage.<br \/>\n<iframe loading=\"lazy\" src=\"http:\/\/maps.google.de\/maps?f=q&amp;source=s_q&amp;hl=de&amp;q=Fortuna&amp;sll=50.501472,12.159719&amp;sspn=0.014767,0.045447&amp;ie=UTF8&amp;t=h&amp;radius=1.2&amp;split=1&amp;rq=1&amp;ev=zi&amp;hq=Fortuna&amp;hnear=&amp;ll=50.501472,12.159719&amp;spn=0.014767,0.045447&amp;output=embed\" height=\"350\" width=\"425\" frameborder=\"0\" marginwidth=\"0\" marginheight=\"0\" scrolling=\"no\"><\/iframe><br \/>\n<small><a style=\"color: #0000ff; text-align: left;\" href=\"http:\/\/maps.google.de\/maps?f=q&amp;source=embed&amp;hl=de&amp;q=Fortuna&amp;sll=50.501472,12.159719&amp;sspn=0.014767,0.045447&amp;ie=UTF8&amp;t=h&amp;radius=1.2&amp;split=1&amp;rq=1&amp;ev=zi&amp;hq=Fortuna&amp;hnear=&amp;ll=50.501472,12.159719&amp;spn=0.014767,0.045447\">Gr\u00f6\u00dfere Kartenansicht<\/a><\/small><\/p>\n","protected":false},"excerpt":{"rendered":"<p>Von der Autobahn A 72 aus: An der Autobahnabfahrt Plauen Ost fahren Sie in Richtung Plauen . Ca. 400m nach dem Ortseingangsschild gelangen Sie auf die vierspurige Dresdner Stra\u00dfe. Unmittelbar nach der Ampelkreuzung eines Einkaufcenters folgt eine weitere . Hier biegen Sie links ab in die \u00c4u\u00dfere Reichenbacher Stra\u00dfe . \u00dcber die n\u00e4chste Ampel- kreuzung [&hellip;]<\/p>\n","protected":false},"author":23,"featured_media":0,"parent":7293,"menu_order":5,"comment_status":"closed","ping_status":"open","template":"","meta":{"ngg_post_thumbnail":0,"footnotes":""},"class_list":["post-1032","page","type-page","status-publish","hentry"],"_links":{"self":[{"href":"https:\/\/www.fortuna-plauen.de\/blog\/index.php?rest_route=\/wp\/v2\/pages\/1032","targetHints":{"allow":["GET"]}}],"collection":[{"href":"https:\/\/www.fortuna-plauen.de\/blog\/index.php?rest_route=\/wp\/v2\/pages"}],"about":[{"href":"https:\/\/www.fortuna-plauen.de\/blog\/index.php?rest_route=\/wp\/v2\/types\/page"}],"author":[{"embeddable":true,"href":"https:\/\/www.fortuna-plauen.de\/blog\/index.php?rest_route=\/wp\/v2\/users\/23"}],"replies":[{"embeddable":true,"href":"https:\/\/www.fortuna-plauen.de\/blog\/index.php?rest_route=%2Fwp%2Fv2%2Fcomments&post=1032"}],"version-history":[{"count":5,"href":"https:\/\/www.fortuna-plauen.de\/blog\/index.php?rest_route=\/wp\/v2\/pages\/1032\/revisions"}],"predecessor-version":[{"id":7296,"href":"https:\/\/www.fortuna-plauen.de\/blog\/index.php?rest_route=\/wp\/v2\/pages\/1032\/revisions\/7296"}],"up":[{"embeddable":true,"href":"https:\/\/www.fortuna-plauen.de\/blog\/index.php?rest_route=\/wp\/v2\/pages\/7293"}],"wp:attachment":[{"href":"https:\/\/www.fortuna-plauen.de\/blog\/index.php?rest_route=%2Fwp%2Fv2%2Fmedia&parent=1032"}],"curies":[{"name":"wp","href":"https:\/\/api.w.org\/{rel}","templated":true}]}}