{"id":3454,"date":"2010-06-21T12:34:42","date_gmt":"2010-06-21T10:34:42","guid":{"rendered":"http:\/\/www.fortuna-plauen.de\/blog\/"},"modified":"2017-07-02T23:42:11","modified_gmt":"2017-07-02T21:42:11","slug":"freizeitanlage","status":"publish","type":"page","link":"https:\/\/www.fortuna-plauen.de\/blog\/?page_id=3454","title":{"rendered":"Freizeitanlage"},"content":{"rendered":"<h1 style=\"text-align: center;\"><span style=\"color: #ff0000;\">2017\/18<\/span><\/h1>\n<h1 style=\"text-align: center;\"><span style=\"color: #ff0000;\">GESCHLOSSEN<\/span><\/h1>\n<p>&nbsp;<\/p>\n<p><strong>Eintrittspreise: <\/strong><\/p>\n<p>Kinder bis 14 Jahr 1,50 \u20ac \u0080, Erwachsene 2,50 \u20ac<\/p>\n<p><strong>Verleih der Schlittschuhe:<\/strong><\/p>\n<p>1,50 \u0080\u20ac pro Tag<\/p>\n<p><strong>Jeden Mittwoch ist Familientag, da kostet alles nur 1,00 \u20ac<\/strong><\/p>\n<p>Sondertermine f\u00fcr Gruppen nach Vereinbarung unter: 03741\/3834715 oder unter<strong> info@fortuna-plauen.de<\/strong><\/p>\n<p><strong><a class=\"highslide img_1\" href=\"https:\/\/www.fortuna-plauen.de\/blog\/wp-content\/uploads\/2009\/05\/100_0631.JPG\" target=\"_blank\"><img loading=\"lazy\" decoding=\"async\" class=\"alignnone size-full wp-image-2725\" title=\"100_0631\" src=\"https:\/\/www.fortuna-plauen.de\/blog\/wp-content\/uploads\/2009\/05\/100_0631.JPG\" sizes=\"auto, (max-width: 171px) 100vw, 171px\" srcset=\"https:\/\/www.fortuna-plauen.de\/blog\/wp-content\/uploads\/2009\/05\/100_0631-300x224.jpg 300w, https:\/\/www.fortuna-plauen.de\/blog\/wp-content\/uploads\/2009\/05\/100_0631.JPG 448w\" alt=\"100_0631\" width=\"171\" height=\"128\" \/> <\/a><a class=\"highslide img_2\" href=\"https:\/\/www.fortuna-plauen.de\/blog\/wp-content\/uploads\/2009\/05\/100_0643.JPG\" target=\"_blank\"><img loading=\"lazy\" decoding=\"async\" class=\"alignnone size-full wp-image-2726\" title=\"100_0643\" src=\"https:\/\/www.fortuna-plauen.de\/blog\/wp-content\/uploads\/2009\/05\/100_0643.JPG\" alt=\"100_0643\" width=\"171\" height=\"127\" srcset=\"https:\/\/www.fortuna-plauen.de\/blog\/wp-content\/uploads\/2009\/05\/100_0643.JPG 448w, https:\/\/www.fortuna-plauen.de\/blog\/wp-content\/uploads\/2009\/05\/100_0643-300x224.jpg 300w\" sizes=\"auto, (max-width: 171px) 100vw, 171px\" \/> <\/a><a class=\"highslide img_3\" href=\"https:\/\/www.fortuna-plauen.de\/blog\/wp-content\/uploads\/2009\/05\/100_0644.JPG\" target=\"_blank\"><img loading=\"lazy\" decoding=\"async\" class=\"alignnone size-full wp-image-2728\" title=\"100_0644\" src=\"https:\/\/www.fortuna-plauen.de\/blog\/wp-content\/uploads\/2009\/05\/100_0644.JPG\" alt=\"100_0644\" width=\"172\" height=\"127\" \/><\/a><\/strong><\/p>\n<p>Unsere Eisbahn im \u00dcberblick, die Kollegen und Sportfreunde haben sich wirklich M\u00fche gegeben um allen Eislauffreunden ein Erlebnis zu bieten.<\/p>\n<p><strong><a class=\"highslide img_4\" href=\"https:\/\/www.fortuna-plauen.de\/blog\/wp-content\/uploads\/2009\/05\/100_0648.JPG\" target=\"_blank\"><img loading=\"lazy\" decoding=\"async\" class=\"alignnone size-full wp-image-2731\" title=\"100_0648\" src=\"https:\/\/www.fortuna-plauen.de\/blog\/wp-content\/uploads\/2009\/05\/100_0648.JPG\" alt=\"100_0648\" width=\"167\" height=\"126\" srcset=\"https:\/\/www.fortuna-plauen.de\/blog\/wp-content\/uploads\/2009\/05\/100_0648.JPG 448w, https:\/\/www.fortuna-plauen.de\/blog\/wp-content\/uploads\/2009\/05\/100_0648-300x224.jpg 300w\" sizes=\"auto, (max-width: 167px) 100vw, 167px\" \/> <\/a><a class=\"highslide img_5\" href=\"https:\/\/www.fortuna-plauen.de\/blog\/wp-content\/uploads\/2009\/05\/100_0649.JPG\" target=\"_blank\"><img loading=\"lazy\" decoding=\"async\" class=\"alignnone size-full wp-image-2732\" title=\"100_0649\" src=\"https:\/\/www.fortuna-plauen.de\/blog\/wp-content\/uploads\/2009\/05\/100_0649.JPG\" alt=\"100_0649\" width=\"168\" height=\"125\" srcset=\"https:\/\/www.fortuna-plauen.de\/blog\/wp-content\/uploads\/2009\/05\/100_0649.JPG 448w, https:\/\/www.fortuna-plauen.de\/blog\/wp-content\/uploads\/2009\/05\/100_0649-300x224.jpg 300w\" sizes=\"auto, (max-width: 168px) 100vw, 168px\" \/> <\/a><a class=\"highslide img_6\" href=\"https:\/\/www.fortuna-plauen.de\/blog\/wp-content\/uploads\/2009\/05\/100_0650.JPG\" target=\"_blank\"><img loading=\"lazy\" decoding=\"async\" class=\"alignnone size-full wp-image-2733\" title=\"100_0650\" src=\"https:\/\/www.fortuna-plauen.de\/blog\/wp-content\/uploads\/2009\/05\/100_0650.JPG\" alt=\"100_0650\" width=\"165\" height=\"125\" \/><\/a><\/strong><\/p>\n<p>Keine eigenen Eislauf oder Schlittschuhe? Kein Problem, wir haben alle Gr\u00f6\u00dfen zu einem fairen Leihpreis am Lager, und diese k\u00f6nnen bei uns ausgeliehen werden.<\/p>\n<p><a class=\"highslide img_7\" href=\"https:\/\/www.fortuna-plauen.de\/blog\/wp-content\/uploads\/2009\/05\/Fortunaeisbahn.jpg\" target=\"_blank\"><img loading=\"lazy\" decoding=\"async\" width=\"314\" height=\"113\" class=\"size-full wp-image-2821 aligncenter\" title=\"Fortunaeisbahn\" src=\"https:\/\/www.fortuna-plauen.de\/blog\/wp-content\/uploads\/2009\/05\/Fortunaeisbahn.jpg\" alt=\"Fortunaeisbahn\" srcset=\"https:\/\/www.fortuna-plauen.de\/blog\/wp-content\/uploads\/2009\/05\/Fortunaeisbahn.jpg 314w, https:\/\/www.fortuna-plauen.de\/blog\/wp-content\/uploads\/2009\/05\/Fortunaeisbahn-300x107.jpg 300w\" sizes=\"auto, (max-width: 314px) 100vw, 314px\" \/><\/a><\/p>\n<p><a class=\"highslide img_8\" href=\"https:\/\/www.fortuna-plauen.de\/blog\/wp-content\/uploads\/2009\/05\/IMG.jpg\" target=\"_blank\"><img loading=\"lazy\" decoding=\"async\" width=\"445\" height=\"336\" class=\"alignnone size-full wp-image-2836\" title=\"IMG\" src=\"https:\/\/www.fortuna-plauen.de\/blog\/wp-content\/uploads\/2009\/05\/IMG.jpg\" sizes=\"auto, (max-width: 445px) 100vw, 445px\" srcset=\"https:\/\/www.fortuna-plauen.de\/blog\/wp-content\/uploads\/2009\/05\/IMG-300x226.jpg 300w, https:\/\/www.fortuna-plauen.de\/blog\/wp-content\/uploads\/2009\/05\/IMG.jpg 445w\" alt=\"IMG\" \/><\/a><\/p>\n<p><strong>Wir freuen uns auf ihren Besuch mit ihrer Familie, Freunden und Bekannten, sagen Sie es weiter <img decoding=\"async\" class=\"wp-smiley\" src=\"https:\/\/www.fortuna-plauen.de\/blog\/wp-includes\/images\/smilies\/icon_smile.gif\" alt=\":-)\" \/><\/strong><\/p>\n<p><strong>Ihr Eisbahn-Team<\/strong><\/p>\n","protected":false},"excerpt":{"rendered":"<p>2017\/18 GESCHLOSSEN &nbsp; Eintrittspreise: Kinder bis 14 Jahr 1,50 \u20ac \u0080, Erwachsene 2,50 \u20ac Verleih der Schlittschuhe: 1,50 \u0080\u20ac pro Tag Jeden Mittwoch ist Familientag, da kostet alles nur 1,00 \u20ac Sondertermine f\u00fcr Gruppen nach Vereinbarung unter: 03741\/3834715 oder unter info@fortuna-plauen.de Unsere Eisbahn im \u00dcberblick, die Kollegen und Sportfreunde haben sich wirklich M\u00fche gegeben um [&hellip;]<\/p>\n","protected":false},"author":23,"featured_media":0,"parent":7293,"menu_order":7,"comment_status":"closed","ping_status":"open","template":"","meta":{"ngg_post_thumbnail":0,"footnotes":""},"class_list":["post-3454","page","type-page","status-publish","hentry"],"_links":{"self":[{"href":"https:\/\/www.fortuna-plauen.de\/blog\/index.php?rest_route=\/wp\/v2\/pages\/3454","targetHints":{"allow":["GET"]}}],"collection":[{"href":"https:\/\/www.fortuna-plauen.de\/blog\/index.php?rest_route=\/wp\/v2\/pages"}],"about":[{"href":"https:\/\/www.fortuna-plauen.de\/blog\/index.php?rest_route=\/wp\/v2\/types\/page"}],"author":[{"embeddable":true,"href":"https:\/\/www.fortuna-plauen.de\/blog\/index.php?rest_route=\/wp\/v2\/users\/23"}],"replies":[{"embeddable":true,"href":"https:\/\/www.fortuna-plauen.de\/blog\/index.php?rest_route=%2Fwp%2Fv2%2Fcomments&post=3454"}],"version-history":[{"count":6,"href":"https:\/\/www.fortuna-plauen.de\/blog\/index.php?rest_route=\/wp\/v2\/pages\/3454\/revisions"}],"predecessor-version":[{"id":9882,"href":"https:\/\/www.fortuna-plauen.de\/blog\/index.php?rest_route=\/wp\/v2\/pages\/3454\/revisions\/9882"}],"up":[{"embeddable":true,"href":"https:\/\/www.fortuna-plauen.de\/blog\/index.php?rest_route=\/wp\/v2\/pages\/7293"}],"wp:attachment":[{"href":"https:\/\/www.fortuna-plauen.de\/blog\/index.php?rest_route=%2Fwp%2Fv2%2Fmedia&parent=3454"}],"curies":[{"name":"wp","href":"https:\/\/api.w.org\/{rel}","templated":true}]}}