{"id":5194,"date":"2011-10-09T23:22:13","date_gmt":"2011-10-09T21:22:13","guid":{"rendered":"http:\/\/www.fortuna-plauen.de\/blog\/?page_id=5194"},"modified":"2023-01-09T14:45:31","modified_gmt":"2023-01-09T13:45:31","slug":"schiedsrichter","status":"publish","type":"page","link":"https:\/\/www.fortuna-plauen.de\/blog\/?page_id=5194","title":{"rendered":"Schiedsrichter"},"content":{"rendered":"<p style=\"text-align: center;\">Einstufung: Anw\u00e4rter Kreisliga<\/p>\n<div>\n<p>&nbsp;<\/p>\n<p>Wer Schiedsrichter werden will, sollte gesund sein und sich gerne im Freien bewegen. Er sollte Freude am Fu\u00dfballspiel haben, schnell reagieren k\u00f6nnen und in der Lage sein, sich gegen\u00fcber anderen durchzusetzen. Das Lebensalter spielt dabei nur eine untergeordnete Rolle. Schiedsrichter sind Sportler wie die Spieler auch und k\u00f6nnen ihren Sport wesentlich l\u00e4nger betreiben als die meisten Aktiven. Allerdings wird ein Sportler, der mit 40 Jahren seine Schiedsrichterpr\u00fcfung ablegt, nicht mehr in den h\u00f6chsten Spielklassen t\u00e4tig sein k\u00f6nnen. Doch die Jugend- und Amateurmannschaften freuen sich \u00fcber jeden, der sich als Schiedsrichter zur Verf\u00fcgung stellt.<\/p>\n<\/div>\n<div>\n<p>Die Fu\u00dfballverb\u00e4nde f\u00fchren Lehrg\u00e4nge f\u00fcr Sch\u00fcler, Jugendliche und Erwachsene in allen Kreisen durch. Sie w\u00fcrden sich freuen, wenn viele Zuschauer und ehemals aktive Spieler ihr Herz f\u00fcr das Schiedsrichtern entdecken und sich anmelden w\u00fcrden.<\/p>\n<p>Wer also Interesse f\u00fcr diesen Sport hat darf sich unter folgender E-Mailadresse gerne bei uns melden\u00a0<a href=\"mailto:sr-obmann@fortuna-plauen.de\">sr-obmann@fortuna-plauen.de<\/a><\/p>\n<\/div>\n<div>\n<h2>Voraussetzungen<\/h2>\n<\/div>\n<div>\n<ul>\n<li>12 Jahre<\/li>\n<li>Mitglied in einem Verein<\/li>\n<li>Interesse am Fu\u00dfball<\/li>\n<li>Einsatzbeschaft f\u00fcr regelm\u00e4\u00dfige Spielleitungen<\/li>\n<li>Teilnahme an Weiterbildungsveranstaltungen<\/li>\n<\/ul>\n<\/div>\n<div>\n<h2>Ausbildung:<\/h2>\n<\/div>\n<div>\n<p>Je nach Kreisverband 12 bis 15 Unterrichtsstunden an Wochenenden oder mehreren Wochentagen. Dabei Einf\u00fchrung in die Fu\u00dfballregeln.<\/p>\n<\/div>\n<div>\n<h2>Pr\u00fcfung:<\/h2>\n<\/div>\n<div>\n<p>Schriftliche Pr\u00fcfung (Beantwortung von Regelfragen)<br \/>\nk\u00f6rperliche Leistungspr\u00fcfung<\/p>\n<\/div>\n<div>\n<h2>Eins\u00e4tze:<\/h2>\n<\/div>\n<div>\n<p>Nach erfolgreicher Pr\u00fcfung entsprechend dem Alter im Nachwuchs- oder auch schon im Seniorenbereich in den Basisklassen.<\/p>\n<\/div>\n<div>\n<h2>Aufstieg:<\/h2>\n<\/div>\n<div>\n<p>Bei Eignung ist der j\u00e4hrliche Aufstieg in die n\u00e4chsth\u00f6here Spielklasse m\u00f6glich. Die Eignung wird dabei durch erfahrene Schiedsrichter-Beobachter festgestellt. Die Absolvierung von Leistungs\u00fcberpr\u00fcfungen (Regelfragen \/ k\u00f6rperliche Fitness \u2013 z.B. 12-min. Lauf) ist ebenfalls Pflicht.<\/p>\n<\/div>\n<div>\n<h2>Finanzen:<\/h2>\n<\/div>\n<div>\n<p>Die Kosten der Sportkleidung werden in der Regel vom Verein des Schiedsrichters \u00fcbernommen. Die Fahrtkosten zu den Spielleitungen werden ersetzt, dazu gibt es abh\u00e4ngig von der Spielklasse eine Aufwandsentsch\u00e4digung zwischen 6,00 \u20ac (Sch\u00fclerspiele), 150,00 \u20ac (Regionaliga) und 3.068,00 \u20ac (Bundesliga).<\/p>\n<\/div>\n<div>\n<h2>Anmeldung:<\/h2>\n<\/div>\n<div>\n<p>\u00dcber den Verein bzw. der \u00f6rtlichen Schiedsrichtergruppe an die Kreisverb\u00e4nde oder beim S\u00e4chsischen Fu\u00dfball-Verband (Der SFV leitet Zuschriften an die jeweiligen Kreisverb\u00e4nde weiter.)<\/p>\n<\/div>\n<div>\n<p>*Quelle: S\u00e4chsischer Fu\u00dfballverband<\/p>\n<\/div>\n","protected":false},"excerpt":{"rendered":"<p>Einstufung: Anw\u00e4rter Kreisliga &nbsp; Wer Schiedsrichter werden will, sollte gesund sein und sich gerne im Freien bewegen. Er sollte Freude am Fu\u00dfballspiel haben, schnell reagieren k\u00f6nnen und in der Lage sein, sich gegen\u00fcber anderen durchzusetzen. Das Lebensalter spielt dabei nur eine untergeordnete Rolle. Schiedsrichter sind Sportler wie die Spieler auch und k\u00f6nnen ihren Sport wesentlich [&hellip;]<\/p>\n","protected":false},"author":23,"featured_media":0,"parent":7276,"menu_order":0,"comment_status":"closed","ping_status":"closed","template":"","meta":{"ngg_post_thumbnail":0,"footnotes":""},"class_list":["post-5194","page","type-page","status-publish","hentry"],"_links":{"self":[{"href":"https:\/\/www.fortuna-plauen.de\/blog\/index.php?rest_route=\/wp\/v2\/pages\/5194","targetHints":{"allow":["GET"]}}],"collection":[{"href":"https:\/\/www.fortuna-plauen.de\/blog\/index.php?rest_route=\/wp\/v2\/pages"}],"about":[{"href":"https:\/\/www.fortuna-plauen.de\/blog\/index.php?rest_route=\/wp\/v2\/types\/page"}],"author":[{"embeddable":true,"href":"https:\/\/www.fortuna-plauen.de\/blog\/index.php?rest_route=\/wp\/v2\/users\/23"}],"replies":[{"embeddable":true,"href":"https:\/\/www.fortuna-plauen.de\/blog\/index.php?rest_route=%2Fwp%2Fv2%2Fcomments&post=5194"}],"version-history":[{"count":52,"href":"https:\/\/www.fortuna-plauen.de\/blog\/index.php?rest_route=\/wp\/v2\/pages\/5194\/revisions"}],"predecessor-version":[{"id":10297,"href":"https:\/\/www.fortuna-plauen.de\/blog\/index.php?rest_route=\/wp\/v2\/pages\/5194\/revisions\/10297"}],"up":[{"embeddable":true,"href":"https:\/\/www.fortuna-plauen.de\/blog\/index.php?rest_route=\/wp\/v2\/pages\/7276"}],"wp:attachment":[{"href":"https:\/\/www.fortuna-plauen.de\/blog\/index.php?rest_route=%2Fwp%2Fv2%2Fmedia&parent=5194"}],"curies":[{"name":"wp","href":"https:\/\/api.w.org\/{rel}","templated":true}]}}